+ 13. Let t be m(-11). Suppose -t*o - 5 = -3*o. Calculate the highest common factor of o and 1.
1
Suppose 5*h - 5*b - 115 = 0, -3*h - 2*h - 3*b = -147. What is the greatest common divisor of 216 and h?
27
Let p = 7 + 8. Suppose 0 = -i - 1, 3*i + 71 = 2*m - 0*i. Let z = -31 + m. What is the greatest common factor of p and z?
3
Suppose -352 = -5*c + 3*c. What is the highest common factor of 16 and c?
16
Let j(u) = -u**3 + 8*u**2 + 2. Let y be j(8). Let f(g) = 4 - 2*g**2 + 5*g**y - 4*g**2. Let h be f(0). What is the highest common factor of h and 4?
4
Let n = -888 - -1243. What is the highest common divisor of 142 and n?
71
Let a(m) = -m**3 + m**2 - 3*m + 3. Let v be a(-3). Calculate the highest common divisor of v and 6.
6
Let f(m) = m**3 - 5*m**2 + m - 2. Let z be f(6). Let h = -8 + z. Let j be 2/4*2 - -7. What is the greatest common factor of j and h?
8
Suppose h - 3 = 8. What is the highest common divisor of 77 and h?
11
Let f(g) = -g**3 + 6*g**2 - 5*g - 6. Let m be f(5). Let h(w) = 2*w - 4. Let j be h(m). Let x = j - -30. What is the highest common divisor of x and 21?
7
Let t = -3 - -4. Let l be 12*1 - (t + 0). What is the highest common divisor of 22 and l?
11
Let l = 0 + 4. Suppose l*j = -j. Suppose -4*r - 3 + 43 = j. What is the highest common divisor of 70 and r?
10
Suppose x - 49 = -2*f, 0 = -5*f - 4*x - 7 + 131. Calculate the greatest common divisor of f and 6.
6
Let r(b) = -b**2 - 17*b + 28. Let u be r(-12). Suppose 5*s - 50 = -5*a, -s + 2*s + 5*a = 6. Calculate the greatest common divisor of u and s.
11
Let a(t) = 15*t + 22*t - 12*t + 7*t. Let q be a(1). Calculate the greatest common divisor of 48 and q.
16
Let h be (-2)/(-8) - (-5)/(-20). Suppose h + 4 = 2*m. Suppose 3*l - 3*g - 26 = 13, -5*l = -m*g - 56. Calculate the greatest common divisor of l and 80.
10
Let l be (2 - (-52)/(-6))*-9. Let g be (-1)/1*-3*(0 - -5). What is the greatest common divisor of l and g?
15
Let d = 17 + -12. Suppose -32 = -d*c + 28. Suppose 2*b = -b + c. What is the highest common factor of b and 44?
4
Let f be (-84)/(-9) - (-3)/(-9). Let p be f/6*(-8)/(-6). Calculate the greatest common factor of p and 18.
2
Suppose 4*f = 54 - 22. Let x be (6 + -7)/(2/(-112)). Calculate the greatest common factor of x and f.
8
Let b = -146 + 154. What is the highest common divisor of 64 and b?
8
Let d be 6/(-9) - 2044/(-6). Suppose v = -8*n + 4*n + 315, 4*n = 4*v + d. Calculate the greatest common factor of 32 and n.
16
Let l be (-10)/(64/36 - 2). What is the greatest common divisor of l and 30?
15
Let y = -14 + 19. Suppose -y*t = -2*v - 182, -3*t + 106 = -0*t + 2*v. What is the highest common divisor of t and 54?
18
Suppose 4*l = -2*r + 210, 0*l - r = -3*l + 145. What is the greatest common divisor of l and 20?
10
Let x be (-194)/8 - (-4)/16. Let m = 34 + x. Calculate the highest common divisor of m and 15.
5
Suppose -4*s + v = -0*v - 68, 5*v - 51 = -3*s. Calculate the greatest common divisor of 17 and s.
17
Suppose 3 = f + 5*w - 3, 5*f + 3*w = 118. Calculate the highest common factor of 13 and f.
13
Let n be 10*(-3)/(-6)*-1. Let j = n - -5. Let z be 1 + 1 - (-19 - j). Calculate the greatest common divisor of 168 and z.
21
Let y(v) = -4*v - 12. Let o be y(-17). What is the highest common factor of 140 and o?
28
Suppose -b = -17*b + 48. What is the greatest common divisor of 1 and b?
1
Let d be (-81)/(-1)*6/9. Let g(o) = o. Let r(w) = 4*w - 2. Let n(k) = 3*g(k) - r(k). Let y be n(-4). Calculate the highest common factor of d and y.
6
Suppose -6*b + 5*u + 80 = -b, 0 = 2*b - 3*u - 28. Let y be 23*1 + (-6 - -3). Calculate the greatest common divisor of b and y.
20
Let t be (7/(-2))/(11/(-88)) + 4. What is the greatest common divisor of t and 32?
32
Suppose -2*j - 23 = -83. What is the highest common divisor of 45 and j?
15
Let r be 6/(-1 + (-27)/(-21)). Suppose -4*b + 184 + 856 = 0. Let h be b/12 - 4/6. Calculate the greatest common factor of h and r.
21
Suppose -37 = -f + 5*t, 2*t = -f - 3*f + 38. Suppose -c + 60 = -0*c. Calculate the greatest common divisor of c and f.
12
Let z be (0 - -2)/((-6)/303). Let o = -27 - z. Let v = o - 44. What is the highest common divisor of 10 and v?
10
Suppose -1 = -3*c - 4*w + 7, -2*c - 4*w = 0. Let s(k) = 8*k**3 + 88*k**2 - 3*k - 25. Let d be s(-11). What is the highest common factor of c and d?
8
Suppose -2*g = 27 - 135. What is the highest common factor of g and 135?
27
Suppose 2*d + 8 = 4*d. Suppose -d*t + 33 = 13. Suppose 2*f - 53 = -l, -t*l + 198 = 5*f + 73. What is the greatest common divisor of f and 14?
14
Suppose 5*q - 93 = 7. Let t = -7 + 2. Let p be t*(0 + -3)/3. Calculate the highest common divisor of p and q.
5
Let z(m) be the third derivative of -m**6/120 - m**5/20 + 5*m**4/12 + 2*m**3 - m**2. Let y be z(-6). What is the highest common factor of y and 24?
12
Suppose 15 = 4*d - 3*d. Suppose -47 = -r - 3*u + 1, 3*u = -5*r + 228. What is the highest common divisor of d and r?
15
Let a be (-57)/(-2)*(-7)/(84/(-8)). What is the greatest common factor of 152 and a?
19
Let d be 2/4 - (-45)/(-10). Let c(q) = 2*q**2 + 6*q + 6. Let t be c(d). What is the highest common factor of 56 and t?
14
Let u = 1 - 0. Let j be 3/(30/(-4))*-15. Let l be j/9*(-18)/(-12). What is the greatest common factor of l and u?
1
Let t be ((-4)/3)/(4/(-6)). Suppose -110 = 5*j - 5*w, -j + 5*w = -2*j + t. Let d be j/4*(-96)/18. Calculate the greatest common factor of d and 3.
3
Let w = 19 - 18. Let l = -4 - -6. Suppose 0 = 5*v - l*v - 21. Calculate the highest common factor of w and v.
1
Let z be (-1 - (-3 - (-7)/2))*-2. What is the greatest common factor of 15 and z?
3
Suppose 2*x + x = -2*u + 15, -5*u = 3*x - 24. Suppose -u*f + 786 = 3*z, 1314 = 5*f + 3*z - 0*z. Calculate the highest common divisor of f and 24.
24
Suppose 0*f - 4*f - 44 = 0. Let q = 15 + f. Suppose 3*i + q*o = 2*i - 17, -4*o - 29 = -3*i. Calculate the greatest common factor of 1 and i.
1
Let i(l) = 2*l**3 - 11*l**2 + 4*l. Let t be i(7). Let j = t + -79. What is the highest common factor of 12 and j?
12
Suppose 0 = 5*t + 5*g - 235, 3*t - 5*g = 6*t - 135. Calculate the highest common divisor of t and 20.
10
Suppose 0 = -2*a + a. Let u(q) = -q**2 + q + 135. Let z be u(a). Calculate the greatest common factor of 15 and z.
15
Let s(y) = 3*y - 37. Let o be s(13). Calculate the greatest common divisor of o and 18.
2
Suppose 31 - 1 = u. What is the greatest common factor of 10 and u?
10
Let t(d) = 2*d. Let x(h) = -1. Let m(p) = t(p) + 8*x(p). Let q be m(8). Let r(g) = g**2 - g + 56. Let l be r(0). What is the greatest common divisor of q and l?
8
Let f(n) = -8*n**3 - 4*n**2 + 2. Let q be f(-3). Calculate the greatest common factor of q and 26.
26
Let b(i) = -i**3 - 2*i**2 - 2*i - 3. Let y be -4 - (-4 + 2) - 0. Let s = -4 - y. Let q be b(s). Calculate the highest common divisor of 5 and q.
1
Let v = 61 - 53. Calculate the highest common factor of 36 and v.
4
Let t be (-20)/4*8/10. Let z(m) = -2*m - 6. Let f be z(t). Suppose -2*x + u = -21, -f*x + 4*u + 36 = -0*x. What is the highest common factor of 2 and x?
2
Suppose -2*p + 9 - 1 = 0. Let k(y) = 2*y**2 + 2. Let b be k(p). Calculate the highest common divisor of 51 and b.
17
Let s be (1 - 0)*(2 + 3). Suppose -s*w + 3*b + 10 = 0, -b - 3*b = -3*w - 5. Calculate the highest common divisor of w and 55.
5
Let p = 8 + 26. Suppose 18 = 2*s + 3*y, 4*s - p = -3*y - 2*y. What is the highest common factor of 30 and s?
6
Suppose 2*m + 2*m = 48. What is the highest common divisor of m and 48?
12
Let m = -8 - -12. Suppose 3 - 12 = -3*o, -2*d = m*o - 68. What is the greatest common factor of d and 42?
14
Suppose 0 = 8*t + 10*t - 630. Calculate the highest common factor of 105 and t.
35
Suppose -3*p = -2*x - 14, 5*p - 4*x + 8*x = 16. Let g(a) = 5*a - 39. Let q be g(15). Calculate the greatest common factor of q and p.
4
Suppose 15*z - 1806 + 51 = 0. Calculate the highest common divisor of z and 9.
9
Let t(d) = -d**3 + 5*d**2 + 7*d - 3. Let u be t(6). Let j be (36/4)/(u/(-2)). Let m = j - -17. What is the greatest common factor of 33 and m?
11
Let i = 44 + -10. Suppose 4*y = 22 + i. Let o(r) = r**2 - 4*r - 7. Let g be o(7). Calculate the highest common factor of g and y.
14
Let a(o) be the first derivative of -o + o**2 + o**2 - 1 - 2 + 2*o**2. Let g be a(1). Calcu